w(-16). What is the units digit of 4/(-10) - 92/g?
8
Suppose 10*a = 9*a + 62. Suppose -r + 2*r - a = 0. What is the units digit of r?
2
Suppose 5*p = -0*t - 4*t + 1239, -t + p = -321. Suppose 0 = 3*s - 161 - t. What is the hundreds digit of s?
1
Suppose s = 3*s - 10. Suppose -s*q = -10*q + 270. What is the tens digit of q?
5
Let n be (-1 + 7)*476/(-51). Let i = -26 - n. Let f = 60 - i. What is the tens digit of f?
3
Suppose 4*n + 8364 - 1756 = 0. Let a be n/(-10) - (-2)/(-10). Suppose 0 = 4*r - r - a. What is the tens digit of r?
5
Suppose 0*k - 2*k - 8 = 3*n, 5*k = -3*n - 20. Suppose n = m - 6*m. Suppose m = 3*d - 66 - 48. What is the tens digit of d?
3
Let d = 407 + -223. What is the tens digit of d?
8
Let v(r) = 2*r**2 + 4*r. Let a(x) = -x**2 + 0 + 2*x - 10*x + 3. Let w be a(-8). What is the units digit of v(w)?
0
Let n(g) = g**2 + 8*g - 6. Let f be n(-9). Suppose 1 = f*k - 14. Suppose -k*m - 4*x + 97 = -0*x, -x = -3*m + 65. What is the tens digit of m?
2
Let f(g) = 7*g**3 - 8 + 7*g**2 + 16*g - 8*g**3 + g**2 + 4*g**2. What is the tens digit of f(13)?
3
Let h(y) = -6*y + 3. Let b be h(-3). Let v(n) = -30*n + 125. Let k be v(4). Suppose 0 = -k*t + 15, 5*u - 3*t = 4*u + b. What is the units digit of u?
0
Let y(s) = -3*s - 15. Let n be y(-5). Suppose n*l - 4*l = -3*f - 548, 4*l = -2*f + 548. What is the hundreds digit of l?
1
Let z be (-344)/(-72) + -1 + 33/27. Let q(l) = 11*l + 6. Let v(a) = -22*a - 13. Let m(d) = -5*q(d) - 3*v(d). What is the units digit of m(z)?
4
Suppose -4*a - m = -69, -4*a + 39 = 3*m - 24. What is the tens digit of 12/a - (-1470)/9?
6
What is the tens digit of (110/(-88))/(3/(-48))?
2
Suppose 3*i = -4*k + 442, -8*k + 5 = -9*k. What is the units digit of i?
4
Let x(g) = 2*g**2 - 16*g - 12. Let f be x(14). Suppose 5*r - r = -f. What is the units digit of (r/2)/((-2)/4)?
9
Suppose 2018 = p - 4*c - 642, -5*p + 13396 = 4*c. What is the hundreds digit of p?
6
Suppose 3*m = -9, -22669 = -12*l + 7*l - 2*m. What is the hundreds digit of l?
5
Let r = 0 - 2. Let q(d) = -28*d + 5*d - 6*d - 6. What is the tens digit of q(r)?
5
Let k(y) = -y**3 - 9*y**2 + 2. Let l be k(-9). Let m be 1 + ((-168)/(-3))/l. Suppose -m = -4*d - 1. What is the units digit of d?
7
What is the tens digit of -2 + 6 + 413 + 6?
2
Suppose 8*c = -3*c + 8987. What is the hundreds digit of c?
8
Let f = 27 - -2320. What is the thousands digit of f?
2
Let l(v) = v**2 + v - 7. Let s be l(-3). Let u be (s*564)/(-3) - 0. What is the tens digit of u/6 + (-7)/21?
3
Suppose 0 = -i + 3*i - 1078. What is the units digit of i?
9
Let m(v) = -15*v - 44. Let j(o) = -o**3 - 5*o**2 + 2*o - 12. Let x be j(-5). What is the units digit of m(x)?
6
Suppose 2214 = 5*l - 506. What is the hundreds digit of l?
5
Suppose -3*m - 2*i - 264 + 2684 = 0, 3*m - 2400 = 3*i. What is the units digit of m?
4
Let f be (-27)/(-2) + (-3)/6. Let g(j) = 521*j**2 - 3 - 10*j - 520*j**2 - 27. What is the units digit of g(f)?
9
Suppose 5*a - 4*i = 21239, 10*i - 11*i = -5*a + 21251. What is the tens digit of a?
5
Suppose f - 4*m - 19 = 0, 3*f - 2*m - 19 = -2. Suppose 0 = -4*z + c + 294, f*z - 218 = c + c. Suppose 0*g + z = 2*g. What is the tens digit of g?
3
Let r be 927*35/42*8/10. Suppose -9*i = r - 2247. What is the tens digit of i?
8
Suppose -3*v = -3*u - 30, -3*v + 5*u = -38 - 2. Let p be (4 - -2)/(3/2). Suppose -4*h + 13 = l - p, -3*h - v*l = 0. What is the units digit of h?
5
What is the tens digit of 12/(-138) + (-21946)/(-46)?
7
Let y(z) = -2*z - 7. Let k be y(-5). Suppose -8 = a - k*a. What is the units digit of ((-2)/a)/((-3)/114)?
9
Suppose d - 5*p = 6*d - 250, -d - 5*p = -38. Suppose 8*t - 187 = d. What is the units digit of t?
0
Let u(q) = q**3 - 3*q**2 - 3*q + 2. Let b be u(2). Let d = b + 12. Suppose -f + 19 = -d*o, f + 0*f = 2*o + 11. What is the units digit of f?
3
Let k(x) = 277*x - 11. Let m(q) = -46*q + 2. Let h(d) = -6*k(d) - 34*m(d). Let w be h(-1). Suppose b + 3*b = w. What is the units digit of b?
4
Suppose 0 = 20*d - 29802 - 66038. What is the tens digit of d?
9
What is the hundreds digit of 4/(-2)*(8 + (-9 - 70))?
1
Suppose -2*t + 4*k + 0*k + 902 = 0, -5*k - 1356 = -3*t. What is the tens digit of t?
5
Suppose 4*a + 12 = 0, 0 = -3*r - 2*a - 0*a + 3. Suppose -1 = m - 5, 0 = -r*t + 3*m. Suppose 104 + 168 = t*q. What is the tens digit of q?
6
What is the units digit of 11/((-308)/5614)*13*-2?
3
What is the tens digit of ((-5936)/40 + -4)/((-6)/20)?
0
Let c(j) = -j - 10 - 5*j + 8*j. Let w be c(5). Suppose 4*n = 4*k + 76, 0 = 3*n - w*n - k - 67. What is the tens digit of n?
2
Suppose -5*o = -4*q + 1711, 4*q - o = 2675 - 944. What is the units digit of q?
4
Let h(j) = j**3 - 7*j**2 + j - 11. Let c be h(9). Let o = c + -113. What is the units digit of o?
7
Let g(i) be the third derivative of i**6/60 - i**5/12 + i**4/6 - i**3/6 + 3*i**2. Suppose -5*a = 4*a - 27. What is the units digit of g(a)?
0
Suppose 10395 = 9*n - 2*n. Suppose -2*d + 4*m = d - 889, -5*d = -5*m - n. What is the hundreds digit of d?
2
Let o be (2 + -2)*(-1)/(-2). Suppose o = -4*f - 20, 3*v - 74 = -3*f + 373. What is the units digit of v?
4
Suppose 2*q - 539 = 697. What is the units digit of q?
8
Let n = -10 - -14. Let y(c) = 2*c - 5. Let d be y(n). Suppose d*g = 2*g - q + 30, 117 = 4*g + 3*q. What is the units digit of g?
7
Let j(n) = 1 - 4*n + 8 - n + 4*n. Let o be j(7). Suppose 4*m - 36 = 4*p, 0 = -o*m + 4*p + 3 + 7. What is the tens digit of m?
1
Let h = -11 - -18. Let o(j) = -5*j - 4. Let g be o(h). Let r = -10 - g. What is the units digit of r?
9
What is the thousands digit of 11 - ((-104)/(-13) + -2494)?
2
Let u = -1426 - -4282. What is the tens digit of u?
5
Suppose 74 = -3*v + 26. What is the hundreds digit of 62/(-3)*168/v?
2
Suppose 2*b + 2*b - 36 = -4*o, -36 = -5*o + 4*b. Suppose x + o = 55. What is the tens digit of x?
4
Let z(a) = 2*a - 29. Let q be z(17). Suppose -4*u = -q*s + 7 + 227, u + 96 = 2*s. What is the tens digit of s?
5
Let s = 10 - 7. Let m(l) = l**s + 4*l + 0*l + 0*l + 1 - 4*l**2 - 6*l. What is the units digit of m(5)?
6
Suppose y = 2*d - 5034, -9755 = 5*y + d + 15393. What is the hundreds digit of y/(-45) - (20/18)/(-5)?
1
Let k(j) be the second derivative of 7*j**3/3 + 14*j**2 + 29*j. What is the units digit of k(7)?
6
Let i = 20 + -17. Suppose i = -2*u - 9. What is the tens digit of 32 - (-6)/(-9)*u?
3
Let q = 14 - 11. Suppose -q*j = -j - 6. What is the units digit of 6/4*58/j?
9
Let h(k) = -10*k**2 - 9*k - 5. Suppose -1 = t - 4*i, t - 1 = 3*i - 2. Let q(b) = -b**3. Let z(u) = t*h(u) - q(u). What is the units digit of z(-9)?
5
Suppose -4 = -4*h + 4. Let s(t) = -6*t**3 + 3*t**2 - 2*t + 6. Let y(c) = 1. Let r(d) = -s(d) + 6*y(d). What is the units digit of r(h)?
0
Suppose -402*i + 426*i = 8112. What is the units digit of i?
8
Let u = -866 + 1586. What is the units digit of u?
0
Let c = 250 - 3. Suppose 3*b = 44 + c. Suppose 2*o = i - 5*i + 148, 3*i = -5*o + b. What is the tens digit of i?
3
What is the tens digit of 50 - (-6 - -7) - 5?
4
Let j(u) = u**2 + 5*u - 8. Let s be j(-5). Let i(f) = -3*f - 12. Let k be i(s). Let x = k + 1. What is the units digit of x?
3
Let z = 735 + -200. What is the units digit of z?
5
Suppose -25*r - 4676 = -32*r. What is the hundreds digit of r?
6
Suppose -24*t = -2*t - 50380. What is the units digit of t?
0
Let k(a) = -6*a + 6. Let t(m) = -m + 1. Let o(y) = k(y) - 5*t(y). Let f be o(-1). Suppose 5*z + 5*c = 140, -f*c - 55 - 57 = -5*z. What is the units digit of z?
4
Let c = -66 - -57. Let t(r) = -5*r + 7. What is the units digit of t(c)?
2
Suppose -5101 + 18385 = 41*y. What is the tens digit of y?
2
Let l = -159 - -862. What is the units digit of l?
3
Let q be 5328/108*((-3)/(-2))/1. Let s = -63 + q. What is the units digit of s?
1
Suppose -b - 44 = -m - 0*b, 3*m - 134 = 4*b. Suppose -3*j - m = -6*j. What is the tens digit of -3*(-2 - j/6)?
1
Let h = -36 - -25. Let x = h + 7. What is the tens digit of (2/x)/(2/(-176))?
4
Suppose -4*p + 3833 = 5*a, 2*p = 5*p + 9. What is the units digit of a?
9
What is the units digit of (-1)/4 - (-71217)/164?
4
Let f = 43 - -107. What is the units digit of f?
0
Suppose 3*b = 5*b - 6. Suppose -4 - 21 = -5*x, 19 = 2*a + b*x. Suppose 5*c = 2*u + 110, 0 = 3*c + 3*u + a*u - 66. What is the tens digit of c?
2
Suppose -5*u + 3 = 3. Suppo